{"id":4,"date":"2016-07-09T09:21:58","date_gmt":"2016-07-09T09:21:58","guid":{"rendered":"http:\/\/schmiedlhof.de\/?page_id=4"},"modified":"2021-09-12T11:38:06","modified_gmt":"2021-09-12T09:38:06","slug":"willkommen","status":"publish","type":"page","link":"https:\/\/schmiedlhof.de\/","title":{"rendered":"Der Schmiedlhof"},"content":{"rendered":"<p><img loading=\"lazy\" decoding=\"async\" class=\"alignnone wp-image-8\" src=\"https:\/\/schmiedlhof.de\/wp-content\/uploads\/2016\/07\/Schmiedlhof-1943-300x256.jpg\" alt=\"Schmiedlhof 1943\" width=\"395\" height=\"337\" srcset=\"https:\/\/schmiedlhof.de\/wp-content\/uploads\/2016\/07\/Schmiedlhof-1943-300x256.jpg 300w, https:\/\/schmiedlhof.de\/wp-content\/uploads\/2016\/07\/Schmiedlhof-1943-768x655.jpg 768w, https:\/\/schmiedlhof.de\/wp-content\/uploads\/2016\/07\/Schmiedlhof-1943.jpg 812w\" sizes=\"(max-width: 395px) 100vw, 395px\" \/><\/p>\n<ul>\n<li><span style=\"font-size: small;\"><span style=\"color: #000000;\"><span style=\"font-family: Arial,sans-serif;\"><b>Seit 1580<\/b><\/span><\/span><span style=\"color: #000000;\"><span style=\"font-family: Arial,sans-serif;\">\u00a0ist der Schmiedlhof urkundlich belegt. Er z\u00e4hlt somit zu den \u00e4ltesten Sandsteinh\u00f6fen im Ortskern von Bubenreuth <\/span><\/span><\/span><\/li>\n<li><span style=\"font-size: small;\"><span style=\"color: #000000;\"><span style=\"font-family: Arial,sans-serif;\"><b>1815<\/b><\/span><\/span><span style=\"color: #000000;\"><span style=\"font-family: Arial,sans-serif;\">\u00a0kaufte der damals 26-j\u00e4hrige J. Paulus den Hof f\u00fcr 5.700 Kaufschilling. Heute ist der Schmiedlhof im Besitz der sechsten &#8218;Paulus-Generation&#8216;. <\/span><\/span><\/span><\/li>\n<li><span style=\"font-size: small;\"><span style=\"color: #000000;\"><span style=\"font-family: Arial,sans-serif;\">Eine markante Pers\u00f6nlichkeit in der Hofgeschichte war <\/span><\/span><span style=\"color: #000000;\"><span style=\"font-family: Arial,sans-serif;\"><b>Hans Paulus<\/b><\/span><\/span><span style=\"color: #000000;\"><span style=\"font-family: Arial,sans-serif;\">\u00a0(1919 &#8211; 1985). Er und seine Frau Anni bewirtschafteten den Hof ab 1945. Hans Paulus war 40 Jahre lang B\u00fcrgermeister von Bubenreuth, nahezu 18 Jahre Mitglied des Bayerischen Senats, stellvertretender Landrat und engagiertes Mitglied der &#8218;Freien W\u00e4hler&#8216;. <\/span><\/span><\/span><\/li>\n<\/ul>\n<p><img loading=\"lazy\" decoding=\"async\" class=\" wp-image-273 aligncenter\" src=\"https:\/\/schmiedlhof.de\/wp-content\/uploads\/2021\/03\/Wohnhaus-neu-300x225.jpg\" alt=\"\" width=\"480\" height=\"360\" srcset=\"https:\/\/schmiedlhof.de\/wp-content\/uploads\/2021\/03\/Wohnhaus-neu-300x225.jpg 300w, https:\/\/schmiedlhof.de\/wp-content\/uploads\/2021\/03\/Wohnhaus-neu-768x576.jpg 768w, https:\/\/schmiedlhof.de\/wp-content\/uploads\/2021\/03\/Wohnhaus-neu.jpg 1024w\" sizes=\"(max-width: 480px) 100vw, 480px\" \/><\/p>\n<h6>Auf dem Schmiedlhof sind jetzt auch das B\u00fcro sowie eine gro\u00dfe Ausstellung von <strong><span style=\"color: #339966;\">FREI RAUM GARTEN GmbH &amp; Co. KG <\/span><\/strong> <strong><span style=\"color: #339966;\">(Garten- und Landschaftsbau).<\/span><\/strong> Die gelungene Verkn\u00fcpfung mit der jahrhundertealten Tradition.<\/h6>\n<p><a href=\"https:\/\/www.freiraumgarten.de\"><img loading=\"lazy\" decoding=\"async\" class=\"size-full wp-image-28 aligncenter\" src=\"https:\/\/schmiedlhof.de\/wp-content\/uploads\/2016\/07\/freiraum-dark-logo.jpg\" alt=\"freiraum-dark-logo\" width=\"140\" height=\"140\" \/><\/a><\/p>\n<pre><\/pre>\n","protected":false},"excerpt":{"rendered":"<p>Seit 1580\u00a0ist der Schmiedlhof urkundlich belegt. Er z\u00e4hlt somit zu den \u00e4ltesten Sandsteinh\u00f6fen im Ortskern von Bubenreuth 1815\u00a0kaufte der damals 26-j\u00e4hrige J. Paulus den Hof f\u00fcr 5.700 Kaufschilling. Heute ist der Schmiedlhof im Besitz der sechsten &#8218;Paulus-Generation&#8216;. Eine markante Pers\u00f6nlichkeit in der Hofgeschichte war Hans Paulus\u00a0(1919 &#8211; 1985). Er und seine Frau Anni bewirtschafteten den&hellip; <a class=\"more-link\" href=\"https:\/\/schmiedlhof.de\/\"><span class=\"screen-reader-text\">Der Schmiedlhof<\/span> weiterlesen<\/a><\/p>\n","protected":false},"author":1,"featured_media":0,"parent":0,"menu_order":1,"comment_status":"closed","ping_status":"closed","template":"","meta":{"footnotes":""},"class_list":["post-4","page","type-page","status-publish","hentry","entry"],"yoast_head":"<!-- This site is optimized with the Yoast SEO plugin v23.9 - https:\/\/yoast.com\/wordpress\/plugins\/seo\/ -->\n<title>Der Schmiedlhof - Der Schmiedlhof in Bubenreuth<\/title>\n<meta name=\"robots\" content=\"index, follow, max-snippet:-1, max-image-preview:large, max-video-preview:-1\" \/>\n<link rel=\"canonical\" href=\"https:\/\/schmiedlhof.de\/\" \/>\n<meta property=\"og:locale\" content=\"de_DE\" \/>\n<meta property=\"og:type\" content=\"article\" \/>\n<meta property=\"og:title\" content=\"Der Schmiedlhof - Der Schmiedlhof in Bubenreuth\" \/>\n<meta property=\"og:description\" content=\"Seit 1580\u00a0ist der Schmiedlhof urkundlich belegt. Er z\u00e4hlt somit zu den \u00e4ltesten Sandsteinh\u00f6fen im Ortskern von Bubenreuth 1815\u00a0kaufte der damals 26-j\u00e4hrige J. Paulus den Hof f\u00fcr 5.700 Kaufschilling. Heute ist der Schmiedlhof im Besitz der sechsten &#8218;Paulus-Generation&#8216;. Eine markante Pers\u00f6nlichkeit in der Hofgeschichte war Hans Paulus\u00a0(1919 &#8211; 1985). Er und seine Frau Anni bewirtschafteten den&hellip; Der Schmiedlhof weiterlesen\" \/>\n<meta property=\"og:url\" content=\"https:\/\/schmiedlhof.de\/\" \/>\n<meta property=\"og:site_name\" content=\"Der Schmiedlhof in Bubenreuth\" \/>\n<meta property=\"article:modified_time\" content=\"2021-09-12T09:38:06+00:00\" \/>\n<meta property=\"og:image\" content=\"http:\/\/schmiedlhof.de\/wp-content\/uploads\/2016\/07\/Schmiedlhof-1943-300x256.jpg\" \/>\n<meta name=\"twitter:card\" content=\"summary_large_image\" \/>\n<meta name=\"twitter:label1\" content=\"Gesch\u00e4tzte Lesezeit\" \/>\n\t<meta name=\"twitter:data1\" content=\"2 Minuten\" \/>\n<script type=\"application\/ld+json\" class=\"yoast-schema-graph\">{\"@context\":\"https:\/\/schema.org\",\"@graph\":[{\"@type\":\"WebPage\",\"@id\":\"https:\/\/schmiedlhof.de\/\",\"url\":\"https:\/\/schmiedlhof.de\/\",\"name\":\"Der Schmiedlhof - Der Schmiedlhof in Bubenreuth\",\"isPartOf\":{\"@id\":\"https:\/\/schmiedlhof.de\/#website\"},\"primaryImageOfPage\":{\"@id\":\"https:\/\/schmiedlhof.de\/#primaryimage\"},\"image\":{\"@id\":\"https:\/\/schmiedlhof.de\/#primaryimage\"},\"thumbnailUrl\":\"http:\/\/schmiedlhof.de\/wp-content\/uploads\/2016\/07\/Schmiedlhof-1943-300x256.jpg\",\"datePublished\":\"2016-07-09T09:21:58+00:00\",\"dateModified\":\"2021-09-12T09:38:06+00:00\",\"breadcrumb\":{\"@id\":\"https:\/\/schmiedlhof.de\/#breadcrumb\"},\"inLanguage\":\"de\",\"potentialAction\":[{\"@type\":\"ReadAction\",\"target\":[\"https:\/\/schmiedlhof.de\/\"]}]},{\"@type\":\"ImageObject\",\"inLanguage\":\"de\",\"@id\":\"https:\/\/schmiedlhof.de\/#primaryimage\",\"url\":\"https:\/\/schmiedlhof.de\/wp-content\/uploads\/2016\/07\/Schmiedlhof-1943.jpg\",\"contentUrl\":\"https:\/\/schmiedlhof.de\/wp-content\/uploads\/2016\/07\/Schmiedlhof-1943.jpg\",\"width\":812,\"height\":692},{\"@type\":\"BreadcrumbList\",\"@id\":\"https:\/\/schmiedlhof.de\/#breadcrumb\",\"itemListElement\":[{\"@type\":\"ListItem\",\"position\":1,\"name\":\"Startseite\",\"item\":\"https:\/\/schmiedlhof.de\/\"},{\"@type\":\"ListItem\",\"position\":2,\"name\":\"Der Schmiedlhof\"}]},{\"@type\":\"WebSite\",\"@id\":\"https:\/\/schmiedlhof.de\/#website\",\"url\":\"https:\/\/schmiedlhof.de\/\",\"name\":\"Der Schmiedlhof in Bubenreuth\",\"description\":\"\",\"publisher\":{\"@id\":\"https:\/\/schmiedlhof.de\/#\/schema\/person\/6f37d4d2ef5b36d0cca5ab9166bad789\"},\"potentialAction\":[{\"@type\":\"SearchAction\",\"target\":{\"@type\":\"EntryPoint\",\"urlTemplate\":\"https:\/\/schmiedlhof.de\/?s={search_term_string}\"},\"query-input\":{\"@type\":\"PropertyValueSpecification\",\"valueRequired\":true,\"valueName\":\"search_term_string\"}}],\"inLanguage\":\"de\"},{\"@type\":[\"Person\",\"Organization\"],\"@id\":\"https:\/\/schmiedlhof.de\/#\/schema\/person\/6f37d4d2ef5b36d0cca5ab9166bad789\",\"name\":\"bubis\",\"image\":{\"@type\":\"ImageObject\",\"inLanguage\":\"de\",\"@id\":\"https:\/\/schmiedlhof.de\/#\/schema\/person\/image\/\",\"url\":\"https:\/\/secure.gravatar.com\/avatar\/0a7877e76a52e07553da68ccc6cd1c27?s=96&d=mm&r=g\",\"contentUrl\":\"https:\/\/secure.gravatar.com\/avatar\/0a7877e76a52e07553da68ccc6cd1c27?s=96&d=mm&r=g\",\"caption\":\"bubis\"},\"logo\":{\"@id\":\"https:\/\/schmiedlhof.de\/#\/schema\/person\/image\/\"}}]}<\/script>\n<!-- \/ Yoast SEO plugin. -->","yoast_head_json":{"title":"Der Schmiedlhof - Der Schmiedlhof in Bubenreuth","robots":{"index":"index","follow":"follow","max-snippet":"max-snippet:-1","max-image-preview":"max-image-preview:large","max-video-preview":"max-video-preview:-1"},"canonical":"https:\/\/schmiedlhof.de\/","og_locale":"de_DE","og_type":"article","og_title":"Der Schmiedlhof - Der Schmiedlhof in Bubenreuth","og_description":"Seit 1580\u00a0ist der Schmiedlhof urkundlich belegt. Er z\u00e4hlt somit zu den \u00e4ltesten Sandsteinh\u00f6fen im Ortskern von Bubenreuth 1815\u00a0kaufte der damals 26-j\u00e4hrige J. Paulus den Hof f\u00fcr 5.700 Kaufschilling. Heute ist der Schmiedlhof im Besitz der sechsten &#8218;Paulus-Generation&#8216;. Eine markante Pers\u00f6nlichkeit in der Hofgeschichte war Hans Paulus\u00a0(1919 &#8211; 1985). Er und seine Frau Anni bewirtschafteten den&hellip; Der Schmiedlhof weiterlesen","og_url":"https:\/\/schmiedlhof.de\/","og_site_name":"Der Schmiedlhof in Bubenreuth","article_modified_time":"2021-09-12T09:38:06+00:00","og_image":[{"url":"http:\/\/schmiedlhof.de\/wp-content\/uploads\/2016\/07\/Schmiedlhof-1943-300x256.jpg"}],"twitter_card":"summary_large_image","twitter_misc":{"Gesch\u00e4tzte Lesezeit":"2 Minuten"},"schema":{"@context":"https:\/\/schema.org","@graph":[{"@type":"WebPage","@id":"https:\/\/schmiedlhof.de\/","url":"https:\/\/schmiedlhof.de\/","name":"Der Schmiedlhof - Der Schmiedlhof in Bubenreuth","isPartOf":{"@id":"https:\/\/schmiedlhof.de\/#website"},"primaryImageOfPage":{"@id":"https:\/\/schmiedlhof.de\/#primaryimage"},"image":{"@id":"https:\/\/schmiedlhof.de\/#primaryimage"},"thumbnailUrl":"http:\/\/schmiedlhof.de\/wp-content\/uploads\/2016\/07\/Schmiedlhof-1943-300x256.jpg","datePublished":"2016-07-09T09:21:58+00:00","dateModified":"2021-09-12T09:38:06+00:00","breadcrumb":{"@id":"https:\/\/schmiedlhof.de\/#breadcrumb"},"inLanguage":"de","potentialAction":[{"@type":"ReadAction","target":["https:\/\/schmiedlhof.de\/"]}]},{"@type":"ImageObject","inLanguage":"de","@id":"https:\/\/schmiedlhof.de\/#primaryimage","url":"https:\/\/schmiedlhof.de\/wp-content\/uploads\/2016\/07\/Schmiedlhof-1943.jpg","contentUrl":"https:\/\/schmiedlhof.de\/wp-content\/uploads\/2016\/07\/Schmiedlhof-1943.jpg","width":812,"height":692},{"@type":"BreadcrumbList","@id":"https:\/\/schmiedlhof.de\/#breadcrumb","itemListElement":[{"@type":"ListItem","position":1,"name":"Startseite","item":"https:\/\/schmiedlhof.de\/"},{"@type":"ListItem","position":2,"name":"Der Schmiedlhof"}]},{"@type":"WebSite","@id":"https:\/\/schmiedlhof.de\/#website","url":"https:\/\/schmiedlhof.de\/","name":"Der Schmiedlhof in Bubenreuth","description":"","publisher":{"@id":"https:\/\/schmiedlhof.de\/#\/schema\/person\/6f37d4d2ef5b36d0cca5ab9166bad789"},"potentialAction":[{"@type":"SearchAction","target":{"@type":"EntryPoint","urlTemplate":"https:\/\/schmiedlhof.de\/?s={search_term_string}"},"query-input":{"@type":"PropertyValueSpecification","valueRequired":true,"valueName":"search_term_string"}}],"inLanguage":"de"},{"@type":["Person","Organization"],"@id":"https:\/\/schmiedlhof.de\/#\/schema\/person\/6f37d4d2ef5b36d0cca5ab9166bad789","name":"bubis","image":{"@type":"ImageObject","inLanguage":"de","@id":"https:\/\/schmiedlhof.de\/#\/schema\/person\/image\/","url":"https:\/\/secure.gravatar.com\/avatar\/0a7877e76a52e07553da68ccc6cd1c27?s=96&d=mm&r=g","contentUrl":"https:\/\/secure.gravatar.com\/avatar\/0a7877e76a52e07553da68ccc6cd1c27?s=96&d=mm&r=g","caption":"bubis"},"logo":{"@id":"https:\/\/schmiedlhof.de\/#\/schema\/person\/image\/"}}]}},"_links":{"self":[{"href":"https:\/\/schmiedlhof.de\/index.php?rest_route=\/wp\/v2\/pages\/4"}],"collection":[{"href":"https:\/\/schmiedlhof.de\/index.php?rest_route=\/wp\/v2\/pages"}],"about":[{"href":"https:\/\/schmiedlhof.de\/index.php?rest_route=\/wp\/v2\/types\/page"}],"author":[{"embeddable":true,"href":"https:\/\/schmiedlhof.de\/index.php?rest_route=\/wp\/v2\/users\/1"}],"replies":[{"embeddable":true,"href":"https:\/\/schmiedlhof.de\/index.php?rest_route=%2Fwp%2Fv2%2Fcomments&post=4"}],"version-history":[{"count":18,"href":"https:\/\/schmiedlhof.de\/index.php?rest_route=\/wp\/v2\/pages\/4\/revisions"}],"predecessor-version":[{"id":284,"href":"https:\/\/schmiedlhof.de\/index.php?rest_route=\/wp\/v2\/pages\/4\/revisions\/284"}],"wp:attachment":[{"href":"https:\/\/schmiedlhof.de\/index.php?rest_route=%2Fwp%2Fv2%2Fmedia&parent=4"}],"curies":[{"name":"wp","href":"https:\/\/api.w.org\/{rel}","templated":true}]}}

<p><img loading="lazy" decoding="async" class="alignnone wp-image-8" src="https://schmiedlhof.de/wp-content/uploads/2016/07/Schmiedlhof-1943-300x256.jpg" alt="Schmiedlhof 1943" width="395" height="337" srcset="https://schmiedlhof.de/wp-content/uploads/2016/07/Schmiedlhof-1943-300x256.jpg 300w, https://schmiedlhof.de/wp-content/uploads/2016/07/Schmiedlhof-1943-768x655.jpg 768w, https://schmiedlhof.de/wp-content/uploads/2016/07/Schmiedlhof-1943.jpg 812w" sizes="(max-width: 395px) 100vw, 395px" /></p>
<ul>
<li><span style="font-size: small;"><span style="color: #000000;"><span style="font-family: Arial,sans-serif;"><b>Seit 1580</b></span></span><span style="color: #000000;"><span style="font-family: Arial,sans-serif;"> ist der Schmiedlhof urkundlich belegt. Er zählt somit zu den ältesten Sandsteinhöfen im Ortskern von Bubenreuth </span></span></span></li>
<li><span style="font-size: small;"><span style="color: #000000;"><span style="font-family: Arial,sans-serif;"><b>1815</b></span></span><span style="color: #000000;"><span style="font-family: Arial,sans-serif;"> kaufte der damals 26-jährige J. Paulus den Hof für 5.700 Kaufschilling. Heute ist der Schmiedlhof im Besitz der sechsten &#8218;Paulus-Generation&#8216;. </span></span></span></li>
<li><span style="font-size: small;"><span style="color: #000000;"><span style="font-family: Arial,sans-serif;">Eine markante Persönlichkeit in der Hofgeschichte war </span></span><span style="color: #000000;"><span style="font-family: Arial,sans-serif;"><b>Hans Paulus</b></span></span><span style="color: #000000;"><span style="font-family: Arial,sans-serif;"> (1919 &#8211; 1985). Er und seine Frau Anni bewirtschafteten den Hof ab 1945. Hans Paulus war 40 Jahre lang Bürgermeister von Bubenreuth, nahezu 18 Jahre Mitglied des Bayerischen Senats, stellvertretender Landrat und engagiertes Mitglied der &#8218;Freien Wähler&#8216;. </span></span></span></li>
</ul>
<p><img loading="lazy" decoding="async" class=" wp-image-273 aligncenter" src="https://schmiedlhof.de/wp-content/uploads/2021/03/Wohnhaus-neu-300x225.jpg" alt="" width="480" height="360" srcset="https://schmiedlhof.de/wp-content/uploads/2021/03/Wohnhaus-neu-300x225.jpg 300w, https://schmiedlhof.de/wp-content/uploads/2021/03/Wohnhaus-neu-768x576.jpg 768w, https://schmiedlhof.de/wp-content/uploads/2021/03/Wohnhaus-neu.jpg 1024w" sizes="(max-width: 480px) 100vw, 480px" /></p>
<h6>Auf dem Schmiedlhof sind jetzt auch das Büro sowie eine große Ausstellung von <strong><span style="color: #339966;">FREI RAUM GARTEN GmbH &amp; Co. KG </span></strong> <strong><span style="color: #339966;">(Garten- und Landschaftsbau).</span></strong> Die gelungene Verknüpfung mit der jahrhundertealten Tradition.</h6>
<p><a href="https://www.freiraumgarten.de"><img loading="lazy" decoding="async" class="size-full wp-image-28 aligncenter" src="https://schmiedlhof.de/wp-content/uploads/2016/07/freiraum-dark-logo.jpg" alt="freiraum-dark-logo" width="140" height="140" /></a></p>
<pre></pre>

<p>Seit 1580 ist der Schmiedlhof urkundlich belegt. Er zählt somit zu den ältesten Sandsteinhöfen im Ortskern von Bubenreuth 1815 kaufte der damals 26-jährige J. Paulus den Hof für 5.700 Kaufschilling. Heute ist der Schmiedlhof im Besitz der sechsten &#8218;Paulus-Generation&#8216;. Eine markante Persönlichkeit in der Hofgeschichte war Hans Paulus (1919 &#8211; 1985). Er und seine Frau Anni bewirtschafteten den&hellip; <a class="more-link" href="https://schmiedlhof.de/"><span class="screen-reader-text">Der Schmiedlhof</span> weiterlesen</a></p>

<!-- This site is optimized with the Yoast SEO plugin v23.9 - https://yoast.com/wordpress/plugins/seo/ -->
<title>Der Schmiedlhof - Der Schmiedlhof in Bubenreuth</title>
<meta name="robots" content="index, follow, max-snippet:-1, max-image-preview:large, max-video-preview:-1" />
<link rel="canonical" href="https://schmiedlhof.de/" />
<meta property="og:locale" content="de_DE" />
<meta property="og:type" content="article" />
<meta property="og:title" content="Der Schmiedlhof - Der Schmiedlhof in Bubenreuth" />
<meta property="og:description" content="Seit 1580 ist der Schmiedlhof urkundlich belegt. Er zählt somit zu den ältesten Sandsteinhöfen im Ortskern von Bubenreuth 1815 kaufte der damals 26-jährige J. Paulus den Hof für 5.700 Kaufschilling. Heute ist der Schmiedlhof im Besitz der sechsten &#8218;Paulus-Generation&#8216;. Eine markante Persönlichkeit in der Hofgeschichte war Hans Paulus (1919 &#8211; 1985). Er und seine Frau Anni bewirtschafteten den&hellip; Der Schmiedlhof weiterlesen" />
<meta property="og:url" content="https://schmiedlhof.de/" />
<meta property="og:site_name" content="Der Schmiedlhof in Bubenreuth" />
<meta property="article:modified_time" content="2021-09-12T09:38:06+00:00" />
<meta property="og:image" content="http://schmiedlhof.de/wp-content/uploads/2016/07/Schmiedlhof-1943-300x256.jpg" />
<meta name="twitter:card" content="summary_large_image" />
<meta name="twitter:label1" content="Geschätzte Lesezeit" />
	<meta name="twitter:data1" content="2 Minuten" />
<script type="application/ld+json" class="yoast-schema-graph">{"@context":"https://schema.org","@graph":[{"@type":"WebPage","@id":"https://schmiedlhof.de/","url":"https://schmiedlhof.de/","name":"Der Schmiedlhof - Der Schmiedlhof in Bubenreuth","isPartOf":{"@id":"https://schmiedlhof.de/#website"},"primaryImageOfPage":{"@id":"https://schmiedlhof.de/#primaryimage"},"image":{"@id":"https://schmiedlhof.de/#primaryimage"},"thumbnailUrl":"http://schmiedlhof.de/wp-content/uploads/2016/07/Schmiedlhof-1943-300x256.jpg","datePublished":"2016-07-09T09:21:58+00:00","dateModified":"2021-09-12T09:38:06+00:00","breadcrumb":{"@id":"https://schmiedlhof.de/#breadcrumb"},"inLanguage":"de","potentialAction":[{"@type":"ReadAction","target":["https://schmiedlhof.de/"]}]},{"@type":"ImageObject","inLanguage":"de","@id":"https://schmiedlhof.de/#primaryimage","url":"https://schmiedlhof.de/wp-content/uploads/2016/07/Schmiedlhof-1943.jpg","contentUrl":"https://schmiedlhof.de/wp-content/uploads/2016/07/Schmiedlhof-1943.jpg","width":812,"height":692},{"@type":"BreadcrumbList","@id":"https://schmiedlhof.de/#breadcrumb","itemListElement":[{"@type":"ListItem","position":1,"name":"Startseite","item":"https://schmiedlhof.de/"},{"@type":"ListItem","position":2,"name":"Der Schmiedlhof"}]},{"@type":"WebSite","@id":"https://schmiedlhof.de/#website","url":"https://schmiedlhof.de/","name":"Der Schmiedlhof in Bubenreuth","description":"","publisher":{"@id":"https://schmiedlhof.de/#/schema/person/6f37d4d2ef5b36d0cca5ab9166bad789"},"potentialAction":[{"@type":"SearchAction","target":{"@type":"EntryPoint","urlTemplate":"https://schmiedlhof.de/?s={search_term_string}"},"query-input":{"@type":"PropertyValueSpecification","valueRequired":true,"valueName":"search_term_string"}}],"inLanguage":"de"},{"@type":["Person","Organization"],"@id":"https://schmiedlhof.de/#/schema/person/6f37d4d2ef5b36d0cca5ab9166bad789","name":"bubis","image":{"@type":"ImageObject","inLanguage":"de","@id":"https://schmiedlhof.de/#/schema/person/image/","url":"https://secure.gravatar.com/avatar/0a7877e76a52e07553da68ccc6cd1c27?s=96&d=mm&r=g","contentUrl":"https://secure.gravatar.com/avatar/0a7877e76a52e07553da68ccc6cd1c27?s=96&d=mm&r=g","caption":"bubis"},"logo":{"@id":"https://schmiedlhof.de/#/schema/person/image/"}}]}</script>
<!-- / Yoast SEO plugin. -->

Seit 1580 ist der Schmiedlhof urkundlich belegt. Er zählt somit zu den ältesten Sandsteinhöfen im Ortskern von Bubenreuth 1815 kaufte der damals 26-jährige J. Paulus den Hof für 5.700 Kaufschilling. Heute ist der Schmiedlhof im Besitz der sechsten &#8218;Paulus-Generation&#8216;. Eine markante Persönlichkeit in der Hofgeschichte war Hans Paulus (1919 &#8211; 1985). Er und seine Frau Anni bewirtschafteten den&hellip; Der Schmiedlhof weiterlesen
